*((-119)/28 - -8). Suppose 4*z + s = 34*m - 35*m, 47 = -4*m - 5*z. Let k(c) = c + 1. Calculate k(m).
-7
Let o(j) = j**3 - 4*j**2 + 3. Let t be o(3). Let z(f) be the third derivative of -f**6/120 - 7*f**5/60 - f**4/4 - 5*f**3/6 - 1052*f**2. Determine z(t).
-5
Let o(n) = -4*n + 2. Let x = 5392 - 5391. What is o(x)?
-2
Let r(l) = l**3 + 4*l**2 - 6*l. Suppose -7*q - 54 + 154 = -32*q. Determine r(q).
24
Let j(y) = -y**2 - 13*y + 25. Suppose -8*t + 152 - 160 = 0. Let d(c) = -3*c + 2. Let v(h) = t*j(h) + 6*d(h). What is v(7)?
1
Let b(h) = 6*h + 27. Let y be 10/40 + 3/((-36)/39). Let c be b(y). Let o(d) = d**2 - 8*d - 11. What is o(c)?
-2
Let w(f) = 6*f**3 + f**2 - 3*f + 14. Let t(u) = 5*u**3 + 15*u**2 - u - 10*u**3 + 6*u**3 - 16*u**2 + 1. Let m(n) = -5*t(n) + w(n). Calculate m(-6).
-3
Let a(v) = 15*v**3 + v**2 - v - 1. Let f(s) = -s**2 + 6*s - 6. Suppose 2*i = 5*x + 5, -2*x + 0 = i - 7. Let z be f(i). Give a(z).
-14
Let j(g) = -3*g**3 - g. Let r = 472 + -468. Suppose 0 = 4*p - 5*a - 24, 0 = 3*p + r*a - 8*a - 19. Give j(p).
-4
Let p(b) = -b**3 - 6*b**2 - 4*b - 1. Let x be p(-5). Let n(d) be the third derivative of -d**4/24 - 5*d**3/6 - 27622*d**2 + 2. What is n(x)?
1
Let i(c) = -18*c**3 - 22*c**2 - 68*c - 5. Let v(t) = 8*t**3 + 12*t**2 + 33*t - 1. Let s(p) = 3*i(p) + 7*v(p). Give s(-7).
-15
Let j(q) = q**3 - 10*q**2 + 10*q + 12. Let w be 29/87 + 76/6. Suppose 6*d - w = 41. Calculate j(d).
21
Suppose 372 + 105 = -159*r. Let s(j) = -j**3 - 2*j**2 - 5*j - 23. Give s(r).
1
Let n be 1/1*-6*-1. Let f(r) be the first derivative of 2*r**3/3 - 4*r**2 - 4*r - 126434. Determine f(n).
20
Let w(u) = 25*u**3 - 13*u**2 - 14*u - 15. Let r(c) = 113*c**3 - 51*c**2 - 56*c - 61. Let h(s) = -2*r(s) + 9*w(s). Give h(-14).
-13
Let f(u) = -5*u**3 - u + 2*u**3 + 10 + 7*u**2 - u**3 + 3*u**3. Let n be f(7). Let h(y) = -1664*y**3 + 831*y**3 - 4*y**2 + 2 + 834*y**3 - 2*y. Calculate h(n).
-13
Let h(m) = 2 - 37 + 29 + 9 + 6*m. Calculate h(1).
9
Let h(f) = f - 20. Suppose 0 = -75*o - 3 + 303. What is h(o)?
-16
Let m(v) be the second derivative of v**3/2 + 31*v**2/2 - 10*v + 15. Calculate m(-13).
-8
Let b(n) be the first derivative of -n**4/4 - 4*n**3 - 11*n**2/2 + 18*n - 609. What is b(-11)?
18
Let m be 3 + 717/(-4) + (-41)/(-164). Let f = 174 + m. Let i(b) = 2*b. What is i(f)?
-4
Let b(j) = -14*j - 372. Let s(u) = 3*u + 67. Let i(p) = -2*b(p) - 11*s(p). Give i(-5).
32
Suppose 0 = -2*h + 5*o + 33, -h + 6*h - 40 = 4*o. Let w(a) = a**2 - 5 - h + 7 - 7*a + 1. What is w(9)?
17
Let f(h) = -2*h - 30*h + 40*h + 0*h + 70. Calculate f(-8).
6
Let s(t) = -26 - t + 4*t + 15 + 7. What is s(10)?
26
Let y = -23192 - -23189. Let b(k) = 3*k**2 + 4. Calculate b(y).
31
Let f be -134*((-6)/(-30))/((-2)/5). Let c(v) = -f + 24 + 23 - v + 15. Determine c(0).
-5
Let m(t) be the first derivative of 6*t**2 - 3*t + 2. Suppose -5*c + 15 = 5*o, 119*o - 124*o + 4*c = 3. Give m(o).
9
Let h(a) = a**3 - 11*a**2 + 6*a - 1. Let k(w) = w**3 - 10*w**2 + 8*w + 4. Let o(x) = 4*h(x) - 3*k(x). Give o(14).
-16
Let g(n) = n**2 - 6*n. Let p(u) = -u - 3. Let o be p(-5). Let i be (-552)/(-690) + (-72)/(-10). Let b be i + 9/2*o/(-3). Give g(b).
-5
Suppose -19*k + 16*k + 2 = -b, 2*b - 2 = 3*k. Let a(g) = -6*g**2 + b*g + 36 + g**3 - 20 - 14. Calculate a(5).
-3
Let w = -538 - -376. Let p = 165 + w. Let z(b) = b**2 - 4*b + 1. Calculate z(p).
-2
Let i(m) = -3*m**2 + 11*m - 7. Let j(u) = -2*u + 49. Let t be j(24). Let k(b) = 392*b**2 + t - 2 - 393*b**2 + b. Let g(s) = i(s) - 4*k(s). What is g(-6)?
-9
Suppose -1225*c = -1169*c - 504. Let z(g) = -61*g + 546. Give z(c).
-3
Let w(h) = h**2 - 3*h - 2. Let u be w(-3). Suppose -12*y = -4*y - 40. Suppose u = y*l + 1. Let j(c) = 2*c - 1. Determine j(l).
5
Let k(l) = -l + 2. Let m be k(-1). Suppose -m*z + 21 = -0. Suppose 0*w + z = -w. Let q(h) = h**2 + 6*h - 3. Determine q(w).
4
Let p(r) = 4 + 14*r**2 - 4*r + 12*r**2 - 27*r**2. Let w be (-5*3)/(-3) + -3. Suppose 4*o - 3 = 2*a - 15, -w*a = 4. Calculate p(o).
4
Let c be -1*-3*(-1)/(-3). Let k(l) = -l**2 + 6*l - 2. Let q(w) = w**2 + 1. Let m(d) = c*k(d) + 2*q(d). What is m(-5)?
-5
Suppose 5*o - 4 = 11. Suppose 4*s + 2 = 3*i - 5, 4*i = o*s. Let k(q) be the first derivative of -q**4/4 - 4*q**3/3 - q**2 - 5*q - 3. Give k(s).
3
Let a(l) = -24 - 23 + 39 - 4*l. Let t be a(-4). Let i(k) = k**2 - 8*k - 6. Determine i(t).
-6
Let f(l) = l**3 - 2*l**2 + 48*l - 47. Let s be f(1). Let y(h) be the first derivative of s*h + 1/3*h**3 + 6 - h**2. What is y(3)?
3
Suppose -2*z + 7*z - 30 = 0. Suppose 0 = -3*l - 54*l + 1767. Let m(a) = -66 + 35 + a + l. Give m(z).
6
Let u(y) = 3*y - 14. Let a = 24193 + -24180. Give u(a).
25
Let k be 24/14 - ((-48)/(-28))/(-6). Let g be 27/(4 + -3) - k. Suppose 0 = -5*w + 25, y - g = -2*y - 2*w. Let l(h) = -4*h + 6. Give l(y).
-14
Suppose 52*k = 43*k - 720. Let a = -87 - k. Let f(j) = -2*j - 4. Give f(a).
10
Let c(i) = -81*i**2 + 3*i - 79*i**2 - 82*i**2 + 239*i**2 - i**3 - 3. Calculate c(-4).
1
Let p(k) = -15*k - 4*k**3 - 224*k**2 - 234*k**2 + 4*k**3 + 487*k**2 + 2*k**3 - 12. What is p(-15)?
-12
Let l be 11/((7/112*8)/(-1)). Let q(a) = 2*a + 20. Calculate q(l).
-24
Let k(h) = -14*h. Let s be (27 + -23)/(2/(-3)). Let f be (3/s)/((-18)/36). Calculate k(f).
-14
Suppose 5 = 3*o + 2*o. Suppose 28 = -105*b + 109*b. Let y(u) = -u**2 - u - 2*u - o + b*u. Calculate y(3).
2
Let p(m) be the second derivative of 3*m + 2/3*m**3 - 1/20*m**5 + 5/2*m**2 + 0 - 1/6*m**4. Let s = 511 - 515. Give p(s).
21
Let i(a) = -10*a**2 + 2*a - 1. Let p(o) = 3*o**2 + 24*o + 1. Let r(g) = -g**2 + 12*g - 28. Let v be r(10). Let h be p(v). Calculate i(h).
-9
Let v(z) = z**3 + 9*z**2 + 9*z + 9. Let m(u) = -295 + 591 + u - 296 + 0*u. Let p be m(-8). Give v(p).
1
Let b(j) = 6*j - 167. Let z(p) = 7*p - 140. Let q(i) = -5*b(i) + 6*z(i). What is q(4)?
43
Suppose -4*c = -15*c + 440. Let m = c + -40. Suppose m = y + y - 14. Let b(i) = 2*i - 7. Calculate b(y).
7
Let c(m) be the second derivative of -m**3/6 - 17*m**2/2 - 5*m. Suppose 0 = -2*p + 46*f - 45*f - 36, 2*f = 3*p + 55. Calculate c(p).
0
Let y(d) be the third derivative of 0*d - 1/4*d**4 - 1/120*d**6 + 2/3*d**3 - 2 + 7/60*d**5 + 46*d**2. Determine y(6).
4
Let f(h) be the third derivative of h**6/120 - h**5/20 - 11*h**4/24 - 5*h**3/2 + 11308*h**2. Give f(5).
-20
Let q(n) be the first derivative of -n**4 - 8*n**3 - 5*n**2/2 - 26*n - 2319. What is q(-6)?
4
Let z(a) = 8*a + 4*a + 4 - 5*a + 2*a + a**2. Let r(b) = -2*b + 26. Let m be r(-7). Suppose 17*j = 22*j + m. What is z(j)?
-4
Let q(z) = 3*z**2 - 21*z + 36. Let v be q(12). Let p = v + -212. Let h(g) = g**3 - 6*g**2 + 4*g + 1. Determine h(p).
-15
Let k(j) = -j**3 + 13*j**2 - 11*j - 11. Let s be k(12). Let d(w) = 13 + 3*w**2 - s - 15 + w**3 - 3*w. Suppose 0 = 6*a - 3 + 21. Determine d(a).
6
Let u(h) be the third derivative of -17*h**4/8 + 14*h**3/3 - 2*h**2 - h - 585. Determine u(1).
-23
Let b(p) = p**2 - 10*p. Suppose 0 = 6*d - 5*d - 67. Suppose d*h = 60*h + 63. Calculate b(h).
-9
Let s = -158 - -422. Suppose 6*r + 330 - s = 0. Let w(u) = -u - 23. Determine w(r).
-12
Let o = 89 - 84. Let m = 0 + o. Let g(v) = m*v**3 - 14*v + 33*v - 6*v - 12*v - v**2. Give g(1).
5
Let q(r) = -4*r**3 + 3*r**2 + 0*r**3 - 5*r + 3*r**3 + 2. Suppose 3*n = b - 87, -3*b + 9*n + 241 = 10*n. Let m = 84 - b. What is q(m)?
-13
Let v(u) = u**3 - 5*u**2 + u. Suppose -w + 4*a - 9*a = 18, 0 = -3*w - 3*a + 6. Suppose w = c - i, -2*c - 5*i - 3 = c. Give v(c).
-12
Let p(g) = 6*g + 2. Let b = -1 + 0. Let w(a) be the first derivative of a**2/2 - a + 7. Let j(o) = b*p(o) + 5*w(o). Give j(-7).
0
Let c(a) = -a**2 + 10*a - 7. Suppose -v = -1 - 1. Let g(i) = -i + 1. Let k(u) = v*g(u) + c(u). Give k(6).
7
Let f be 5/(-4) + (-21)/28. Let c(q) be the first derivative of -q**3 - q**2 - q - 8. What is c(f)?
-9
Let c(o) = 4 + 2 + 2 - o. Let p(h) = 16*h + 448. Let w be p(-23). Suppose 42*r - w*r = -41*r. Give c(r).
8
Let h(f) = -f**2 - 2*f + 4. Suppose 0 = -12*v - 4*v + 400. Suppose -2*a - 2*t + 10 = -7*t, -5*a = 3*t - v. Give h(a).
-31
Let u(w) = -2*w**2 - 4*w**3 + 3*w**2 - 3*w**3 - 122*w + 7*w + 113*w. What is u(1)?
-8
Let z(t) = -t**2 + 24*t. Let w(s) = -2*s**2 + 54*s + 3. Let m(u) = 4*w(u) - 9*z(u). What is m(9)?
93
Let u(s) = 5 + s**2 + 16*s**2 - 74*s**3 + 72*s**3 - 4 + s. Determine u(9).
-71
Suppose 0*t + 95 =